{"id":11805,"date":"2022-05-10T00:48:50","date_gmt":"2022-05-09T22:48:50","guid":{"rendered":"https:\/\/comix-treme.com\/?page_id=11805"},"modified":"2024-10-09T21:46:59","modified_gmt":"2024-10-09T19:46:59","slug":"elementor-11805","status":"publish","type":"page","link":"https:\/\/comix-treme.com\/index.php\/elementor-11805\/","title":{"rendered":"Le Projet"},"content":{"rendered":"\t\t<div data-elementor-type=\"wp-page\" data-elementor-id=\"11805\" class=\"elementor elementor-11805\">\n\t\t\t\t\t\t<section class=\"elementor-section elementor-top-section elementor-element elementor-element-6cce8dc elementor-section-boxed elementor-section-height-default elementor-section-height-default\" data-id=\"6cce8dc\" data-element_type=\"section\" data-e-type=\"section\">\n\t\t\t\t\t\t<div class=\"elementor-container elementor-column-gap-default\">\n\t\t\t\t\t<div class=\"elementor-column elementor-col-100 elementor-top-column elementor-element elementor-element-5a1b7d2\" data-id=\"5a1b7d2\" data-element_type=\"column\" data-e-type=\"column\">\n\t\t\t<div class=\"elementor-widget-wrap elementor-element-populated\">\n\t\t\t\t\t\t<div class=\"elementor-element elementor-element-9f7781d elementor-widget elementor-widget-heading\" data-id=\"9f7781d\" data-element_type=\"widget\" data-e-type=\"widget\" data-widget_type=\"heading.default\">\n\t\t\t\t<div class=\"elementor-widget-container\">\n\t\t\t\t\t<h1 class=\"elementor-heading-title elementor-size-xl\">EN SAVOIR PLUS SUR COMIX'TR\u00caME<\/h1>\t\t\t\t<\/div>\n\t\t\t\t<\/div>\n\t\t\t\t\t<\/div>\n\t\t<\/div>\n\t\t\t\t\t<\/div>\n\t\t<\/section>\n\t\t\t\t<section class=\"elementor-section elementor-top-section elementor-element elementor-element-ecc0a27 elementor-section-boxed elementor-section-height-default elementor-section-height-default\" data-id=\"ecc0a27\" data-element_type=\"section\" data-e-type=\"section\">\n\t\t\t\t\t\t<div class=\"elementor-container elementor-column-gap-default\">\n\t\t\t\t\t<div class=\"elementor-column elementor-col-33 elementor-top-column elementor-element elementor-element-425ffc8\" data-id=\"425ffc8\" data-element_type=\"column\" data-e-type=\"column\" data-settings=\"{&quot;background_background&quot;:&quot;classic&quot;}\">\n\t\t\t<div class=\"elementor-widget-wrap elementor-element-populated\">\n\t\t\t\t\t\t<div class=\"elementor-element elementor-element-cc631e1 elementor-widget elementor-widget-heading\" data-id=\"cc631e1\" data-element_type=\"widget\" data-e-type=\"widget\" data-widget_type=\"heading.default\">\n\t\t\t\t<div class=\"elementor-widget-container\">\n\t\t\t\t\t<h1 class=\"elementor-heading-title elementor-size-default\">PR\u00c9SENTATION GLOBALE DU PROJET<\/h1>\t\t\t\t<\/div>\n\t\t\t\t<\/div>\n\t\t\t\t<div class=\"elementor-element elementor-element-80b8156 elementor-widget elementor-widget-image\" data-id=\"80b8156\" data-element_type=\"widget\" data-e-type=\"widget\" data-widget_type=\"image.default\">\n\t\t\t\t<div class=\"elementor-widget-container\">\n\t\t\t\t\t\t\t\t\t\t\t\t\t\t\t\t<a href=\"https:\/\/comix-treme.com\/wp-content\/uploads\/2022\/05\/Logo-6-Version-5-3.png\" data-elementor-open-lightbox=\"no\">\n\t\t\t\t\t\t\t<img fetchpriority=\"high\" decoding=\"async\" width=\"796\" height=\"798\" src=\"https:\/\/comix-treme.com\/wp-content\/uploads\/2022\/05\/Logo-6-Version-5-3.png\" class=\"attachment-full size-full wp-image-11808\" alt=\"\" srcset=\"https:\/\/comix-treme.com\/wp-content\/uploads\/2022\/05\/Logo-6-Version-5-3.png 796w, https:\/\/comix-treme.com\/wp-content\/uploads\/2022\/05\/Logo-6-Version-5-3-300x300.png 300w, https:\/\/comix-treme.com\/wp-content\/uploads\/2022\/05\/Logo-6-Version-5-3-150x150.png 150w, https:\/\/comix-treme.com\/wp-content\/uploads\/2022\/05\/Logo-6-Version-5-3-768x770.png 768w\" sizes=\"(max-width: 796px) 100vw, 796px\" \/>\t\t\t\t\t\t\t\t<\/a>\n\t\t\t\t\t\t\t\t\t\t\t\t\t\t\t<\/div>\n\t\t\t\t<\/div>\n\t\t\t\t<div class=\"elementor-element elementor-element-1b54336 elementor-align-center elementor-widget elementor-widget-button\" data-id=\"1b54336\" data-element_type=\"widget\" data-e-type=\"widget\" data-widget_type=\"button.default\">\n\t\t\t\t<div class=\"elementor-widget-container\">\n\t\t\t\t\t\t\t\t\t<div class=\"elementor-button-wrapper\">\n\t\t\t\t\t<a class=\"elementor-button elementor-button-link elementor-size-lg\" href=\"https:\/\/comix-treme.com\/index.php\/a-propos\/\" target=\"_blank\">\n\t\t\t\t\t\t<span class=\"elementor-button-content-wrapper\">\n\t\t\t\t\t\t<span class=\"elementor-button-icon\">\n\t\t\t\t<i aria-hidden=\"true\" class=\"fas fa-book-reader\"><\/i>\t\t\t<\/span>\n\t\t\t\t\t\t\t\t\t<span class=\"elementor-button-text\">LIRE<\/span>\n\t\t\t\t\t<\/span>\n\t\t\t\t\t<\/a>\n\t\t\t\t<\/div>\n\t\t\t\t\t\t\t\t<\/div>\n\t\t\t\t<\/div>\n\t\t\t\t\t<\/div>\n\t\t<\/div>\n\t\t\t\t<div class=\"elementor-column elementor-col-33 elementor-top-column elementor-element elementor-element-10d9bd7\" data-id=\"10d9bd7\" data-element_type=\"column\" data-e-type=\"column\">\n\t\t\t<div class=\"elementor-widget-wrap\">\n\t\t\t\t\t\t\t<\/div>\n\t\t<\/div>\n\t\t\t\t<div class=\"elementor-column elementor-col-33 elementor-top-column elementor-element elementor-element-cf5fff3\" data-id=\"cf5fff3\" data-element_type=\"column\" data-e-type=\"column\" data-settings=\"{&quot;background_background&quot;:&quot;classic&quot;}\">\n\t\t\t<div class=\"elementor-widget-wrap elementor-element-populated\">\n\t\t\t\t\t\t<div class=\"elementor-element elementor-element-482f07f elementor-widget elementor-widget-heading\" data-id=\"482f07f\" data-element_type=\"widget\" data-e-type=\"widget\" data-widget_type=\"heading.default\">\n\t\t\t\t<div class=\"elementor-widget-container\">\n\t\t\t\t\t<h1 class=\"elementor-heading-title elementor-size-default\">PR\u00c9SENTATION D\u00c9TAILL\u00c9E DE LA CHA\u00ceNE<\/h1>\t\t\t\t<\/div>\n\t\t\t\t<\/div>\n\t\t\t\t<div class=\"elementor-element elementor-element-4d15385 elementor-widget elementor-widget-image\" data-id=\"4d15385\" data-element_type=\"widget\" data-e-type=\"widget\" data-widget_type=\"image.default\">\n\t\t\t\t<div class=\"elementor-widget-container\">\n\t\t\t\t\t\t\t\t\t\t\t\t\t\t\t\t<a href=\"https:\/\/comix-treme.com\/wp-content\/uploads\/2022\/05\/Sans-titre.png\" data-elementor-open-lightbox=\"no\">\n\t\t\t\t\t\t\t<img decoding=\"async\" width=\"1024\" height=\"1024\" src=\"https:\/\/comix-treme.com\/wp-content\/uploads\/2022\/05\/Sans-titre.png\" class=\"attachment-full size-full wp-image-11809\" alt=\"\" srcset=\"https:\/\/comix-treme.com\/wp-content\/uploads\/2022\/05\/Sans-titre.png 1024w, https:\/\/comix-treme.com\/wp-content\/uploads\/2022\/05\/Sans-titre-300x300.png 300w, https:\/\/comix-treme.com\/wp-content\/uploads\/2022\/05\/Sans-titre-150x150.png 150w, https:\/\/comix-treme.com\/wp-content\/uploads\/2022\/05\/Sans-titre-768x768.png 768w\" sizes=\"(max-width: 1024px) 100vw, 1024px\" \/>\t\t\t\t\t\t\t\t<\/a>\n\t\t\t\t\t\t\t\t\t\t\t\t\t\t\t<\/div>\n\t\t\t\t<\/div>\n\t\t\t\t<div class=\"elementor-element elementor-element-9720356 elementor-align-center elementor-widget elementor-widget-button\" data-id=\"9720356\" data-element_type=\"widget\" data-e-type=\"widget\" data-widget_type=\"button.default\">\n\t\t\t\t<div class=\"elementor-widget-container\">\n\t\t\t\t\t\t\t\t\t<div class=\"elementor-button-wrapper\">\n\t\t\t\t\t<a class=\"elementor-button elementor-button-link elementor-size-lg\" href=\"https:\/\/comix-treme.com\/index.php\/youtube\/\" target=\"_blank\">\n\t\t\t\t\t\t<span class=\"elementor-button-content-wrapper\">\n\t\t\t\t\t\t<span class=\"elementor-button-icon\">\n\t\t\t\t<i aria-hidden=\"true\" class=\"fas fa-book-reader\"><\/i>\t\t\t<\/span>\n\t\t\t\t\t\t\t\t\t<span class=\"elementor-button-text\">LIRE<\/span>\n\t\t\t\t\t<\/span>\n\t\t\t\t\t<\/a>\n\t\t\t\t<\/div>\n\t\t\t\t\t\t\t\t<\/div>\n\t\t\t\t<\/div>\n\t\t\t\t\t<\/div>\n\t\t<\/div>\n\t\t\t\t\t<\/div>\n\t\t<\/section>\n\t\t\t\t<\/div>\n\t\t","protected":false},"excerpt":{"rendered":"<p>EN SAVOIR PLUS SUR COMIX&rsquo;TR\u00caME PR\u00c9SENTATION GLOBALE DU PROJET LIRE PR\u00c9SENTATION D\u00c9TAILL\u00c9E DE LA CHA\u00ceNE LIRE<\/p>\n","protected":false},"author":2,"featured_media":2846,"parent":0,"menu_order":0,"comment_status":"closed","ping_status":"closed","template":"","meta":{"footnotes":""},"class_list":["post-11805","page","type-page","status-publish","has-post-thumbnail","hentry"],"yoast_head":"<!-- This site is optimized with the Yoast SEO plugin v25.6 - https:\/\/yoast.com\/wordpress\/plugins\/seo\/ -->\n<title>Le Projet - COMIX&#039;TR\u00caME<\/title>\n<meta name=\"robots\" content=\"index, follow, max-snippet:-1, max-image-preview:large, max-video-preview:-1\" \/>\n<link rel=\"canonical\" href=\"https:\/\/comix-treme.com\/index.php\/elementor-11805\/\" \/>\n<meta property=\"og:locale\" content=\"fr_FR\" \/>\n<meta property=\"og:type\" content=\"article\" \/>\n<meta property=\"og:title\" content=\"Le Projet - COMIX&#039;TR\u00caME\" \/>\n<meta property=\"og:description\" content=\"EN SAVOIR PLUS SUR COMIX&rsquo;TR\u00caME PR\u00c9SENTATION GLOBALE DU PROJET LIRE PR\u00c9SENTATION D\u00c9TAILL\u00c9E DE LA CHA\u00ceNE LIRE\" \/>\n<meta property=\"og:url\" content=\"https:\/\/comix-treme.com\/index.php\/elementor-11805\/\" \/>\n<meta property=\"og:site_name\" content=\"COMIX&#039;TR\u00caME\" \/>\n<meta property=\"article:modified_time\" content=\"2024-10-09T19:46:59+00:00\" \/>\n<meta property=\"og:image\" content=\"https:\/\/comix-treme.com\/wp-content\/uploads\/2019\/10\/cropped-429096.jpg\" \/>\n\t<meta property=\"og:image:width\" content=\"1974\" \/>\n\t<meta property=\"og:image:height\" content=\"1152\" \/>\n\t<meta property=\"og:image:type\" content=\"image\/jpeg\" \/>\n<meta name=\"twitter:card\" content=\"summary_large_image\" \/>\n<meta name=\"twitter:label1\" content=\"Dur\u00e9e de lecture estim\u00e9e\" \/>\n\t<meta name=\"twitter:data1\" content=\"1 minute\" \/>\n<script type=\"application\/ld+json\" class=\"yoast-schema-graph\">{\"@context\":\"https:\/\/schema.org\",\"@graph\":[{\"@type\":\"WebPage\",\"@id\":\"https:\/\/comix-treme.com\/index.php\/elementor-11805\/\",\"url\":\"https:\/\/comix-treme.com\/index.php\/elementor-11805\/\",\"name\":\"Le Projet - COMIX&#039;TR\u00caME\",\"isPartOf\":{\"@id\":\"https:\/\/comix-treme.com\/#website\"},\"primaryImageOfPage\":{\"@id\":\"https:\/\/comix-treme.com\/index.php\/elementor-11805\/#primaryimage\"},\"image\":{\"@id\":\"https:\/\/comix-treme.com\/index.php\/elementor-11805\/#primaryimage\"},\"thumbnailUrl\":\"https:\/\/comix-treme.com\/wp-content\/uploads\/2019\/10\/cropped-429096.jpg\",\"datePublished\":\"2022-05-09T22:48:50+00:00\",\"dateModified\":\"2024-10-09T19:46:59+00:00\",\"breadcrumb\":{\"@id\":\"https:\/\/comix-treme.com\/index.php\/elementor-11805\/#breadcrumb\"},\"inLanguage\":\"fr-FR\",\"potentialAction\":[{\"@type\":\"ReadAction\",\"target\":[\"https:\/\/comix-treme.com\/index.php\/elementor-11805\/\"]}]},{\"@type\":\"ImageObject\",\"inLanguage\":\"fr-FR\",\"@id\":\"https:\/\/comix-treme.com\/index.php\/elementor-11805\/#primaryimage\",\"url\":\"https:\/\/comix-treme.com\/wp-content\/uploads\/2019\/10\/cropped-429096.jpg\",\"contentUrl\":\"https:\/\/comix-treme.com\/wp-content\/uploads\/2019\/10\/cropped-429096.jpg\",\"width\":1974,\"height\":1152},{\"@type\":\"BreadcrumbList\",\"@id\":\"https:\/\/comix-treme.com\/index.php\/elementor-11805\/#breadcrumb\",\"itemListElement\":[{\"@type\":\"ListItem\",\"position\":1,\"name\":\"Home\",\"item\":\"https:\/\/comix-treme.com\/\"},{\"@type\":\"ListItem\",\"position\":2,\"name\":\"Le Projet\"}]},{\"@type\":\"WebSite\",\"@id\":\"https:\/\/comix-treme.com\/#website\",\"url\":\"https:\/\/comix-treme.com\/\",\"name\":\"COMIX&#039;TR\u00caME\",\"description\":\"Pour les fans de comics, \u00e0 l&#039;extr\u00eame !\",\"publisher\":{\"@id\":\"https:\/\/comix-treme.com\/#organization\"},\"potentialAction\":[{\"@type\":\"SearchAction\",\"target\":{\"@type\":\"EntryPoint\",\"urlTemplate\":\"https:\/\/comix-treme.com\/?s={search_term_string}\"},\"query-input\":{\"@type\":\"PropertyValueSpecification\",\"valueRequired\":true,\"valueName\":\"search_term_string\"}}],\"inLanguage\":\"fr-FR\"},{\"@type\":\"Organization\",\"@id\":\"https:\/\/comix-treme.com\/#organization\",\"name\":\"COMIX&#039;TR\u00caME\",\"url\":\"https:\/\/comix-treme.com\/\",\"logo\":{\"@type\":\"ImageObject\",\"inLanguage\":\"fr-FR\",\"@id\":\"https:\/\/comix-treme.com\/#\/schema\/logo\/image\/\",\"url\":\"https:\/\/comix-treme.com\/wp-content\/uploads\/2023\/03\/cropped-Banniere-10-Sans-Fond-Version-2.png\",\"contentUrl\":\"https:\/\/comix-treme.com\/wp-content\/uploads\/2023\/03\/cropped-Banniere-10-Sans-Fond-Version-2.png\",\"width\":3261,\"height\":862,\"caption\":\"COMIX&#039;TR\u00caME\"},\"image\":{\"@id\":\"https:\/\/comix-treme.com\/#\/schema\/logo\/image\/\"}}]}<\/script>\n<!-- \/ Yoast SEO plugin. -->","yoast_head_json":{"title":"Le Projet - COMIX&#039;TR\u00caME","robots":{"index":"index","follow":"follow","max-snippet":"max-snippet:-1","max-image-preview":"max-image-preview:large","max-video-preview":"max-video-preview:-1"},"canonical":"https:\/\/comix-treme.com\/index.php\/elementor-11805\/","og_locale":"fr_FR","og_type":"article","og_title":"Le Projet - COMIX&#039;TR\u00caME","og_description":"EN SAVOIR PLUS SUR COMIX&rsquo;TR\u00caME PR\u00c9SENTATION GLOBALE DU PROJET LIRE PR\u00c9SENTATION D\u00c9TAILL\u00c9E DE LA CHA\u00ceNE LIRE","og_url":"https:\/\/comix-treme.com\/index.php\/elementor-11805\/","og_site_name":"COMIX&#039;TR\u00caME","article_modified_time":"2024-10-09T19:46:59+00:00","og_image":[{"width":1974,"height":1152,"url":"https:\/\/comix-treme.com\/wp-content\/uploads\/2019\/10\/cropped-429096.jpg","type":"image\/jpeg"}],"twitter_card":"summary_large_image","twitter_misc":{"Dur\u00e9e de lecture estim\u00e9e":"1 minute"},"schema":{"@context":"https:\/\/schema.org","@graph":[{"@type":"WebPage","@id":"https:\/\/comix-treme.com\/index.php\/elementor-11805\/","url":"https:\/\/comix-treme.com\/index.php\/elementor-11805\/","name":"Le Projet - COMIX&#039;TR\u00caME","isPartOf":{"@id":"https:\/\/comix-treme.com\/#website"},"primaryImageOfPage":{"@id":"https:\/\/comix-treme.com\/index.php\/elementor-11805\/#primaryimage"},"image":{"@id":"https:\/\/comix-treme.com\/index.php\/elementor-11805\/#primaryimage"},"thumbnailUrl":"https:\/\/comix-treme.com\/wp-content\/uploads\/2019\/10\/cropped-429096.jpg","datePublished":"2022-05-09T22:48:50+00:00","dateModified":"2024-10-09T19:46:59+00:00","breadcrumb":{"@id":"https:\/\/comix-treme.com\/index.php\/elementor-11805\/#breadcrumb"},"inLanguage":"fr-FR","potentialAction":[{"@type":"ReadAction","target":["https:\/\/comix-treme.com\/index.php\/elementor-11805\/"]}]},{"@type":"ImageObject","inLanguage":"fr-FR","@id":"https:\/\/comix-treme.com\/index.php\/elementor-11805\/#primaryimage","url":"https:\/\/comix-treme.com\/wp-content\/uploads\/2019\/10\/cropped-429096.jpg","contentUrl":"https:\/\/comix-treme.com\/wp-content\/uploads\/2019\/10\/cropped-429096.jpg","width":1974,"height":1152},{"@type":"BreadcrumbList","@id":"https:\/\/comix-treme.com\/index.php\/elementor-11805\/#breadcrumb","itemListElement":[{"@type":"ListItem","position":1,"name":"Home","item":"https:\/\/comix-treme.com\/"},{"@type":"ListItem","position":2,"name":"Le Projet"}]},{"@type":"WebSite","@id":"https:\/\/comix-treme.com\/#website","url":"https:\/\/comix-treme.com\/","name":"COMIX&#039;TR\u00caME","description":"Pour les fans de comics, \u00e0 l&#039;extr\u00eame !","publisher":{"@id":"https:\/\/comix-treme.com\/#organization"},"potentialAction":[{"@type":"SearchAction","target":{"@type":"EntryPoint","urlTemplate":"https:\/\/comix-treme.com\/?s={search_term_string}"},"query-input":{"@type":"PropertyValueSpecification","valueRequired":true,"valueName":"search_term_string"}}],"inLanguage":"fr-FR"},{"@type":"Organization","@id":"https:\/\/comix-treme.com\/#organization","name":"COMIX&#039;TR\u00caME","url":"https:\/\/comix-treme.com\/","logo":{"@type":"ImageObject","inLanguage":"fr-FR","@id":"https:\/\/comix-treme.com\/#\/schema\/logo\/image\/","url":"https:\/\/comix-treme.com\/wp-content\/uploads\/2023\/03\/cropped-Banniere-10-Sans-Fond-Version-2.png","contentUrl":"https:\/\/comix-treme.com\/wp-content\/uploads\/2023\/03\/cropped-Banniere-10-Sans-Fond-Version-2.png","width":3261,"height":862,"caption":"COMIX&#039;TR\u00caME"},"image":{"@id":"https:\/\/comix-treme.com\/#\/schema\/logo\/image\/"}}]}},"jetpack_sharing_enabled":true,"jetpack_likes_enabled":true,"jetpack-related-posts":[],"jetpack_shortlink":"https:\/\/wp.me\/Pb2Nr0-34p","_links":{"self":[{"href":"https:\/\/comix-treme.com\/index.php\/wp-json\/wp\/v2\/pages\/11805"}],"collection":[{"href":"https:\/\/comix-treme.com\/index.php\/wp-json\/wp\/v2\/pages"}],"about":[{"href":"https:\/\/comix-treme.com\/index.php\/wp-json\/wp\/v2\/types\/page"}],"author":[{"embeddable":true,"href":"https:\/\/comix-treme.com\/index.php\/wp-json\/wp\/v2\/users\/2"}],"replies":[{"embeddable":true,"href":"https:\/\/comix-treme.com\/index.php\/wp-json\/wp\/v2\/comments?post=11805"}],"version-history":[{"count":40,"href":"https:\/\/comix-treme.com\/index.php\/wp-json\/wp\/v2\/pages\/11805\/revisions"}],"predecessor-version":[{"id":16352,"href":"https:\/\/comix-treme.com\/index.php\/wp-json\/wp\/v2\/pages\/11805\/revisions\/16352"}],"wp:featuredmedia":[{"embeddable":true,"href":"https:\/\/comix-treme.com\/index.php\/wp-json\/wp\/v2\/media\/2846"}],"wp:attachment":[{"href":"https:\/\/comix-treme.com\/index.php\/wp-json\/wp\/v2\/media?parent=11805"}],"curies":[{"name":"wp","href":"https:\/\/api.w.org\/{rel}","templated":true}]}}